{"id":7,"date":"2011-07-14T19:45:42","date_gmt":"2011-07-14T18:45:42","guid":{"rendered":"http:\/\/www.systegra.cz\/services\/"},"modified":"2026-03-03T10:56:37","modified_gmt":"2026-03-03T09:56:37","slug":"services","status":"publish","type":"page","link":"https:\/\/www.systegra.cz\/home\/services\/","title":{"rendered":"Slu\u017eby"},"content":{"rendered":"<div class=\"row \"><div class=\"span12 \"><div class=\"title-box clearfix \"><h2 class=\"title-box_primary\">Slu\u017eby a podpora<\/h2><\/div><!-- \/\/.title-box --><figure class=\"frame thumbnail alignleft clearfix\"><a href=\"https:\/\/get.teamviewer.com\/systegra\"><img decoding=\"async\" loading=\"lazy\" class=\"alignnone wp-image-2075 size-medium\" src=\"http:\/\/www.systegra.cz\/wp-content\/uploads\/2011\/07\/SystegraQS-255x300.png\" alt=\"\" width=\"255\" height=\"300\" srcset=\"https:\/\/www.systegra.cz\/wp-content\/uploads\/2011\/07\/SystegraQS-255x300.png 255w, https:\/\/www.systegra.cz\/wp-content\/uploads\/2011\/07\/SystegraQS.png 288w\" sizes=\"(max-width: 255px) 100vw, 255px\" \/><\/a><\/figure><span style=\"color: #68bb39;\">Ani ten nejlep\u0161\u00ed program nem\u016f\u017ee plnit sv\u016fj \u00fa\u010del, pokud jej u\u017eivatel\u00e9 neum\u00ed nebo necht\u011bj\u00ed pou\u017e\u00edvat. V na\u0161em t\u00fdmu p\u016fsob\u00ed \u0159ada \u0161pi\u010dkov\u00fdch odborn\u00edk\u016f, kte\u0159\u00ed dohl\u00ed\u017e\u00ed na v\u00fdvoj a zaji\u0161\u0165uj\u00ed podporu pro Databox CONTACT. S jejich pomoc\u00ed se sna\u017e\u00edme eliminovat v\u0161echny faktory, kter\u00e9 p\u0159isp\u00edvaj\u00ed k tomu, \u017ee syst\u00e9m je nefunk\u010dn\u00ed. Pro \u00fasp\u011b\u0161n\u00fd provoz je d\u016fle\u017eit\u00e9 m\u00edt optim\u00e1ln\u011b vylad\u011bn\u00fd syst\u00e9m a schopn\u00e9 u\u017eivatele.<\/span><\/p>\n<p>Na\u0161e spole\u010dnost p\u016fsob\u00ed na trhu s informa\u010dn\u00edmi syst\u00e9my ji\u017e\u00a0\u0159adu let a\u00a0jsme schopni poskytnout podporu po celou dobu vyu\u017e\u00edv\u00e1n\u00ed na\u0161eho CRM syst\u00e9mu.<\/p>\n<p><a href=\"https:\/\/get.teamviewer.com\/systegra\"><img decoding=\"async\" loading=\"lazy\" class=\"alignnone wp-image-2071 size-medium\" src=\"http:\/\/www.systegra.cz\/wp-content\/uploads\/2014\/10\/Teamviewer.bmp\" alt=\"Teamviewer\" width=\"141\" height=\"35\" \/><\/a><\/div>\n<div class=\"span6 \"><span class=\"dropcap round\">A<\/span><!-- .dropcap (end) --><div class=\"extra-wrap\">\n<h2>Provozn\u00ed slu\u017eby (Maintenance)<\/h2>\n<p>Tato slu\u017eba zaru\u010duje v\u017edy ty nejaktu\u00e1ln\u011bj\u0161\u00ed verze a nejnov\u011bj\u0161\u00ed funkce v programu, zahrnuje plnou technickou podporu a spoustu dal\u0161\u00edch slev a zv\u00fdhodn\u011bn\u00ed.<\/p>\n<\/div><\/div><div class=\"span6 \"><span class=\"dropcap round\">B<\/span><!-- .dropcap (end) --><div class=\"extra-wrap\">\n<h2>Linka technick\u00e9 podpory<\/h2>\n<p>Technici na telefonu, kte\u0159\u00ed v\u00e1m porad\u00ed s u\u017eivatelsk\u00fdmi i syst\u00e9mov\u00fdmi dotazy v dob\u011b od 8:00 do 16:00 hodin pouze ve v\u0161edn\u00ed dny na telefonu +420 485 100 404.<\/p>\n<\/div><\/div><div class=\"span6 \"><span class=\"dropcap round\">C<\/span><!-- .dropcap (end) --><div class=\"extra-wrap\">\n<h2>Certifikovan\u00e9 instalace<\/h2>\n<p>Tak\u0159ka povinn\u00e1 slu\u017eba pro v\u0161echny klienty s v\u011bt\u0161\u00edm po\u010dtem licenc\u00ed. Ve v\u011bt\u0161in\u011b p\u0159\u00edpad\u016f jednodenn\u00ed n\u00e1v\u0161t\u011bva zahrnuj\u00edc\u00ed instalaci, konzultaci, nastaven\u00ed programu a u\u017eivatel\u016f, import a z\u00e1kladn\u00ed za\u0161kolen\u00ed.<\/p>\n<\/div><div class=\"spacer\"><\/div><!-- .spacer (end) --><\/div><div class=\"span6 \"><span class=\"dropcap round\">D<\/span><!-- .dropcap (end) --><div class=\"extra-wrap\">\n<h2>Registrace<\/h2>\n<p>Registrace profilu je speci\u00e1ln\u00ed operace, pomoc\u00ed kter\u00e9 \"odemknete\" profil pro ostr\u00e9 pou\u017eit\u00ed. Na registraci maj\u00ed n\u00e1rok u\u017eivatel\u00e9, kte\u0159\u00ed program \u0159\u00e1dn\u011b zakoupili.<\/p>\n<p><span style=\"color: #000000;\"><\/div><div class=\"spacer\"><\/div><!-- .spacer (end) --><\/div><\/span><\/div><!-- .row (end) -->\n","protected":false},"excerpt":{"rendered":"","protected":false},"author":1,"featured_media":0,"parent":0,"menu_order":1,"comment_status":"open","ping_status":"closed","template":"page-fullwidth.php","meta":{"footnotes":""},"yoast_head":"<!-- This site is optimized with the Yoast SEO plugin v20.13 - https:\/\/yoast.com\/wordpress\/plugins\/seo\/ -->\n<title>Slu\u017eby - Systegra<\/title>\n<meta name=\"robots\" content=\"index, follow, max-snippet:-1, max-image-preview:large, max-video-preview:-1\" \/>\n<link rel=\"canonical\" href=\"https:\/\/www.systegra.cz\/home\/services\/\" \/>\n<meta property=\"og:locale\" content=\"cs_CZ\" \/>\n<meta property=\"og:type\" content=\"article\" \/>\n<meta property=\"og:title\" content=\"Slu\u017eby - Systegra\" \/>\n<meta property=\"og:url\" content=\"https:\/\/www.systegra.cz\/home\/services\/\" \/>\n<meta property=\"og:site_name\" content=\"Systegra\" \/>\n<meta property=\"article:modified_time\" content=\"2026-03-03T09:56:37+00:00\" \/>\n<meta property=\"og:image\" content=\"http:\/\/www.systegra.cz\/wp-content\/uploads\/2011\/07\/SystegraQS-255x300.png\" \/>\n<meta name=\"twitter:label1\" content=\"Odhadovan\u00e1 doba \u010dten\u00ed\" \/>\n\t<meta name=\"twitter:data1\" content=\"2 minuty\" \/>\n<script type=\"application\/ld+json\" class=\"yoast-schema-graph\">{\"@context\":\"https:\/\/schema.org\",\"@graph\":[{\"@type\":\"WebPage\",\"@id\":\"https:\/\/www.systegra.cz\/home\/services\/\",\"url\":\"https:\/\/www.systegra.cz\/home\/services\/\",\"name\":\"Slu\u017eby - Systegra\",\"isPartOf\":{\"@id\":\"https:\/\/www.systegra.cz\/home\/#website\"},\"datePublished\":\"2011-07-14T18:45:42+00:00\",\"dateModified\":\"2026-03-03T09:56:37+00:00\",\"breadcrumb\":{\"@id\":\"https:\/\/www.systegra.cz\/home\/services\/#breadcrumb\"},\"inLanguage\":\"cs\",\"potentialAction\":[{\"@type\":\"ReadAction\",\"target\":[\"https:\/\/www.systegra.cz\/home\/services\/\"]}]},{\"@type\":\"BreadcrumbList\",\"@id\":\"https:\/\/www.systegra.cz\/home\/services\/#breadcrumb\",\"itemListElement\":[{\"@type\":\"ListItem\",\"position\":1,\"name\":\"Dom\u016f\",\"item\":\"https:\/\/www.systegra.cz\/home\/\"},{\"@type\":\"ListItem\",\"position\":2,\"name\":\"Slu\u017eby\"}]},{\"@type\":\"WebSite\",\"@id\":\"https:\/\/www.systegra.cz\/home\/#website\",\"url\":\"https:\/\/www.systegra.cz\/home\/\",\"name\":\"Systegra\",\"description\":\"CRM system\",\"potentialAction\":[{\"@type\":\"SearchAction\",\"target\":{\"@type\":\"EntryPoint\",\"urlTemplate\":\"https:\/\/www.systegra.cz\/home\/?s={search_term_string}\"},\"query-input\":\"required name=search_term_string\"}],\"inLanguage\":\"cs\"}]}<\/script>\n<!-- \/ Yoast SEO plugin. -->","yoast_head_json":{"title":"Slu\u017eby - Systegra","robots":{"index":"index","follow":"follow","max-snippet":"max-snippet:-1","max-image-preview":"max-image-preview:large","max-video-preview":"max-video-preview:-1"},"canonical":"https:\/\/www.systegra.cz\/home\/services\/","og_locale":"cs_CZ","og_type":"article","og_title":"Slu\u017eby - Systegra","og_url":"https:\/\/www.systegra.cz\/home\/services\/","og_site_name":"Systegra","article_modified_time":"2026-03-03T09:56:37+00:00","og_image":[{"url":"http:\/\/www.systegra.cz\/wp-content\/uploads\/2011\/07\/SystegraQS-255x300.png"}],"twitter_misc":{"Odhadovan\u00e1 doba \u010dten\u00ed":"2 minuty"},"schema":{"@context":"https:\/\/schema.org","@graph":[{"@type":"WebPage","@id":"https:\/\/www.systegra.cz\/home\/services\/","url":"https:\/\/www.systegra.cz\/home\/services\/","name":"Slu\u017eby - Systegra","isPartOf":{"@id":"https:\/\/www.systegra.cz\/home\/#website"},"datePublished":"2011-07-14T18:45:42+00:00","dateModified":"2026-03-03T09:56:37+00:00","breadcrumb":{"@id":"https:\/\/www.systegra.cz\/home\/services\/#breadcrumb"},"inLanguage":"cs","potentialAction":[{"@type":"ReadAction","target":["https:\/\/www.systegra.cz\/home\/services\/"]}]},{"@type":"BreadcrumbList","@id":"https:\/\/www.systegra.cz\/home\/services\/#breadcrumb","itemListElement":[{"@type":"ListItem","position":1,"name":"Dom\u016f","item":"https:\/\/www.systegra.cz\/home\/"},{"@type":"ListItem","position":2,"name":"Slu\u017eby"}]},{"@type":"WebSite","@id":"https:\/\/www.systegra.cz\/home\/#website","url":"https:\/\/www.systegra.cz\/home\/","name":"Systegra","description":"CRM system","potentialAction":[{"@type":"SearchAction","target":{"@type":"EntryPoint","urlTemplate":"https:\/\/www.systegra.cz\/home\/?s={search_term_string}"},"query-input":"required name=search_term_string"}],"inLanguage":"cs"}]}},"_links":{"self":[{"href":"https:\/\/www.systegra.cz\/home\/wp-json\/wp\/v2\/pages\/7"}],"collection":[{"href":"https:\/\/www.systegra.cz\/home\/wp-json\/wp\/v2\/pages"}],"about":[{"href":"https:\/\/www.systegra.cz\/home\/wp-json\/wp\/v2\/types\/page"}],"author":[{"embeddable":true,"href":"https:\/\/www.systegra.cz\/home\/wp-json\/wp\/v2\/users\/1"}],"replies":[{"embeddable":true,"href":"https:\/\/www.systegra.cz\/home\/wp-json\/wp\/v2\/comments?post=7"}],"version-history":[{"count":39,"href":"https:\/\/www.systegra.cz\/home\/wp-json\/wp\/v2\/pages\/7\/revisions"}],"predecessor-version":[{"id":2676,"href":"https:\/\/www.systegra.cz\/home\/wp-json\/wp\/v2\/pages\/7\/revisions\/2676"}],"wp:attachment":[{"href":"https:\/\/www.systegra.cz\/home\/wp-json\/wp\/v2\/media?parent=7"}],"curies":[{"name":"wp","href":"https:\/\/api.w.org\/{rel}","templated":true}]}}